 greatest common divisor of g and 6.
6
Let l be 4/8*(9 + -3). Suppose 16 = l*r + r. Suppose -5*g + 51 = r*k, 2*k - g - 31 = 2*g. What is the highest common divisor of 14 and k?
14
Suppose 12*d - 1870 = -214. What is the greatest common divisor of 4278 and d?
138
Suppose -3*w - 27 = -2*p + 11, 4*w - 4*p = -52. Let z = w + 31. Suppose 34 = 3*r - 4*g, 58 = 3*r - 3*g + z. What is the highest common factor of 126 and r?
18
Let h(z) = z**2 + 3*z + 8. Let a be h(11). Suppose 0 = 3*t - 7*t + 72. Suppose 0 = 2*l - 3*l + t. Calculate the greatest common divisor of a and l.
18
Let i(u) = 2*u**2 - 3*u + 1. Let k be i(2). Suppose 6*m = k*m + 48. Let l(h) = 2*h**2 + 4*h. Let b be l(-6). Calculate the highest common factor of m and b.
16
Suppose -141 = -k - 4*k - p, 3*k = -3*p + 87. Let a(f) = 3*f + 1. Suppose -u - 1 = -2*u. Let z be a(u). What is the highest common factor of z and k?
4
Let t = -8 - -2. Let w(o) = -o**3 - 6*o**2 - 3*o - 3. Let g be w(t). Let c = -13 + g. Calculate the highest common factor of c and 10.
2
Suppose 4*j - 5 = 3*j. Suppose 2*r - 5*l - 22 = 0, -2*r - l - j = -3*r. Let v(w) = 4*w**2 - w + 2. Let z be v(r). What is the greatest common factor of z and 2?
1
Suppose -z + 2*a = -31, z - 5*a - 1 = 45. Suppose 2*y = -3*y + 20. Suppose -y*d = -0*d - 84. What is the greatest common divisor of z and d?
21
Suppose -5*g + 6*r - r = -85, -5*r + 32 = 4*g. Let x = 279 - 175. Calculate the highest common factor of g and x.
13
Let y(b) = b**3 - 6*b**2 - 13*b + 26. Let v be y(10). What is the highest common divisor of 37 and v?
37
Let w = -6 + 30. Let d = 208 + -206. Calculate the highest common factor of d and w.
2
Suppose -4*o = 19 - 47. Suppose 4*v - o = 13. Let u = 102 - 67. What is the highest common factor of u and v?
5
Let q be ((-78)/(-18))/((-2)/(-6)). Let f be -1*q*(-6)/3. Suppose -2*o = z - f, z + 5*o - 140 = -4*z. What is the greatest common divisor of 20 and z?
10
Let f = -49 - -54. Suppose -5*q + n = -117, f*q - 123 = -0*q - n. What is the highest common divisor of q and 192?
24
Suppose x - 101 = -12. Let c = x + -59. Suppose l + 22 = 2*f, -f + 3*l + c = 2*f. Calculate the highest common factor of f and 36.
12
Suppose -4*q + 1609 + 613 = -2*c, 0 = -3*c - 15. Suppose 0 = v - 4*d + d - q, -d = -3*v + 1651. What is the greatest common factor of v and 50?
50
Suppose q = -2*v - 3, v + 7*q - 2*q = 12. Let a be 159*(-1)/(-3) + v. What is the greatest common divisor of a and 10?
10
Let c be (2/5)/(21/1260). Suppose 6 = 3*a - 3*s, 3*s = 4*s - 1. Let o be (c - 1) + (5 - a). Calculate the greatest common factor of 125 and o.
25
Let j be 770/8 + 6/(-24) + -1. What is the greatest common factor of j and 38?
19
Let y be ((-3)/2 - -2)/(1/(-32)). Let a = y - -31. Calculate the highest common divisor of 15 and a.
15
Let b be (10/(-3))/((-4)/24). Let h be (b/(-6))/((-2)/36). What is the greatest common divisor of 15 and h?
15
Suppose 67*f - 2886 = -7*f. Let u = 5 - 2. Suppose b - 4 = -u*l + 6*l, 0 = 4*b - l - 49. What is the highest common divisor of f and b?
13
Suppose 2617 = -9*r + 3688. Suppose 0*m = 3*m - 3*q + 66, -4*m - 48 = 4*q. Let f be (m/(-2))/((-1)/(-2)). What is the greatest common divisor of r and f?
17
Suppose 6*w = -w + 154. Let d = -18 + w. Calculate the highest common divisor of d and 4.
4
Let k(j) = -2*j**3 + 22*j**2 + 3*j - 14. Let p be k(11). Calculate the highest common factor of p and 76.
19
Suppose 5*b + 5*w - 70 = 0, 0 = 2*b - 0*b + 4*w - 34. Let s(k) = 2*k - 8. Let u be s(15). Calculate the highest common divisor of u and b.
11
Let t = 111 - 192. Let m = t - -88. Calculate the greatest common divisor of 7 and m.
7
Suppose 8*p = 6*p + 8, -4*z = 4*p - 1040. What is the highest common factor of 192 and z?
64
Suppose -3*r - 4 = 2*j, 1 + 0 = 3*r + j. Let f be (r/4)/(4/488). Suppose -h - 2*m = -20, -3*h - 3*m = -f + 1. Calculate the highest common divisor of h and 5.
5
Suppose 64*r - 66*r + 251 = -5*m, 0 = -3*r + 2*m + 393. Calculate the highest common factor of r and 28.
7
Let v = 10 + -12. Let p = -10 - -4. Let y be v/(-12) - 83/p. What is the highest common factor of 28 and y?
14
Let s be 3 - (-3)/((-3)/5). Let t(z) be the second derivative of z**4/6 + z**2/2 - 4*z. Let j be t(s). Calculate the greatest common factor of 3 and j.
3
Suppose 23*b - 128 = 21*b. Suppose -4*a + 99 = v, -3*a - 5*v + b = 11. Let p(g) = 17*g - 7. Let y be p(5). What is the greatest common divisor of y and a?
26
Let h(n) = -32 - 22 - 22*n + 45. Let w be h(-1). Calculate the highest common divisor of w and 13.
13
Let f be ((-273)/(-52))/(57/24 + -2). Calculate the highest common factor of 112 and f.
14
Let o = 31 - -20. Let d = -19 + o. What is the greatest common divisor of 256 and d?
32
Let f = -18 - -16. Let m be 112/70*(-115)/f. Suppose p - 14 = -2*y + m, -412 = -4*p + 4*y. What is the highest common factor of p and 13?
13
Suppose -4*c = 2*h - 32, 3*h + 3 = 6*h - 3*c. Suppose -q - 20 = 4*q. Let r be (-140)/(-84) - q/(-3)*-1. What is the greatest common factor of r and h?
3
Suppose 11*i = 16*i - 5. Let u be (3/(-2))/(((-3)/4)/i). Suppose 0 = -2*w - 2*q + 8, w + 3 = -4*q + 1. What is the highest common factor of u and w?
2
Suppose 7*j - 3*j - 124 = 0. Suppose -83 = -2*y - j. Calculate the greatest common divisor of y and 52.
26
Let h(q) = -2*q + 60. Suppose 2*s - 2*o + 0*o - 4 = 0, 5*o + 10 = 0. Let v be h(s). Suppose -k = k - v. Calculate the greatest common divisor of 6 and k.
6
Let g(y) = -2*y**3 + 5*y**2 + 5*y - 5. Let k be g(3). Let h be k*(0 + -3 - -4) + 15. What is the highest common factor of h and 8?
8
Let s(r) = -8*r - 106. Let n be s(-50). Calculate the highest common factor of 210 and n.
42
Let i(g) = g**3 + 1. Let z(b) = 6*b**3 + 15*b**2 + 5*b - 28. Let o(m) = 5*i(m) - z(m). Let s be o(-15). Calculate the greatest common divisor of 72 and s.
36
Let k be 1 - -2 - 3 - 1. Let r be 1/4 - 21/(-28). Let d be (-18 + (-1 - r))*k. What is the greatest common factor of d and 50?
10
Suppose -4*i + 268 = s + 78, 0 = -3*s + 6. Let h be (2 - 0 - i)*8/(-10). What is the greatest common divisor of h and 27?
9
Let v be (748/(-33))/(-1 + 24/27). Calculate the greatest common divisor of 60 and v.
12
Let i = 183 - 174. Calculate the highest common divisor of i and 3.
3
Let j = -186 + 1326. What is the greatest common factor of 60 and j?
60
Let k = 46 + -43. Suppose 0 = b + k*b - 48. Calculate the highest common factor of 108 and b.
12
Let r = -124 + 153. What is the highest common divisor of 29 and r?
29
Suppose -6*z + 419 = 119. What is the highest common divisor of z and 650?
50
Suppose -3*i = -6*i + 183. Let u = -12 + i. Calculate the greatest common factor of 7 and u.
7
Suppose 4*w + 0*i - 2*i - 14 = 0, 3*i - 11 = -2*w. Suppose 3*o + 345 = w*d, 4*d - 4*o = -2*o + 350. What is the greatest common divisor of d and 30?
30
Suppose -71*t = -79*t + 2400. What is the greatest common factor of t and 480?
60
Let b(h) be the first derivative of h**2/2 + 11*h - 1. Suppose -187 = 157*t - 174*t. Let q be b(t). What is the greatest common divisor of 55 and q?
11
Suppose 0 = 4*c - 7 - 5. Let h be -11 + -1 + -2 + 0. Let v = -13 - h. What is the highest common factor of v and c?
1
Let d(y) = 2*y**2 - 14*y - 12. Let n be d(9). Calculate the greatest common factor of 56 and n.
8
Suppose -10*t + 3049 = -2541. What is the highest common factor of 13 and t?
13
Let x(j) = 7*j**2 - 1. Let f be x(-1). Suppose q = f*q - 560. Let y = 138 + -122. What is the greatest common factor of q and y?
16
Let y(u) = -2*u**2 - 7*u - 6. Let v be y(-4). Let x = v + 20. What is the greatest common factor of 20 and x?
10
Let q be (-1118)/(-52) - 3/6. Calculate the highest common factor of 357 and q.
21
Let p(r) = r - 10. Let h be p(14). Suppose 5*j + 67 = 287. What is the greatest common divisor of h and j?
4
Let z = -48 - -97. Calculate the highest common divisor of 63 and z.
7
Let p = 345 - 330. What is the highest common divisor of p and 30?
15
Let l(h) = h**3 + 8*h**2 + 11*h - 2. Suppose 4*k + 4*s = -4, -2*k + 3*s = -4*k + 2. Let q be l(k). Calculate the highest common factor of 6 and q.
6
Let p be 69/7 + (-4)/(-37 - -9). Let a be ((-3)/(-6))/((-2)/(-160)). What is the greatest common factor of a and p?
10
Let h(n) = 47*n**2 + 15*n. Let c be h(-1). Let u = 16 + 24. What is the greatest common 